 digit of ((-4)/(-8))/(2/o)?
3
Let z = -52 - -55. Suppose 5*u - 2*u - 96 = 2*t, 0 = -z*t - 9. What is the tens digit of u?
3
Let f(c) = c**2 + 7*c + 27. Let g be f(-13). Let a = g - 52. What is the units digit of a?
3
Let v(d) = d - 1. Suppose -6 - 4 = -2*x. Let l be v(x). Suppose 18 = -l*f + 218. What is the units digit of f?
0
Let a be (460/(-8))/((-5)/10). Let g be a/25 + (-6)/(-15). Suppose -g*b + 121 = 21. What is the units digit of b?
0
Let b(t) = t**3 - t**2 - 3*t + 2. Let k be b(2). Suppose 0 = -k*n - 2*n + 3*l + 44, n - 4*l = 32. Let j = n + -2. What is the tens digit of j?
1
Let a be (-102)/(-8) - 3/(-12). Let f = 16 - a. Suppose -74 = -l - l + f*r, -3*r + 96 = 3*l. What is the units digit of l?
4
Let x(i) = i**2 - 9*i - 3. Let y = 23 + -13. What is the units digit of x(y)?
7
Let p = 199 + -186. What is the units digit of p?
3
Let t = 6300 + -2188. What is the hundreds digit of t?
1
What is the units digit of (-1 + 1 + 1063)*2?
6
Let y = 73 - -162. What is the tens digit of y?
3
Let g(u) = -u + 7. Let z be g(3). Suppose 2*t - 175 = -7*n + z*n, -5*t = 5. What is the units digit of n?
9
Let y = 11 + -11. Suppose -2*n + 5*q + 15 = 3*n, y = -2*q + 4. Suppose n*c - 145 = g, -5*g = -2*c - 2*c + 116. What is the units digit of c?
9
Let i = 87 - 97. What is the units digit of (-4)/i*(-930)/(-3)?
4
Suppose -4*u = -14 - 2, -2*w + 5*u = 12. Suppose w*c + 12 = 0, 2*m + c = 252 - 31. What is the units digit of m?
2
Suppose 0 = -5*b + 11 - 1. Suppose -18*l + 14*l + 240 = 0. Suppose -l = -b*s - 2*s. What is the tens digit of s?
1
Let c = 54 + -38. Suppose -11*p - 145 = -c*p. What is the tens digit of p?
2
Suppose 0 = -3*l + 360 - 132. What is the tens digit of l?
7
Suppose -3*q - 4*w - 334 = 6, q + w = -115. What is the units digit of q/(-6)*(-42)/(-15)?
6
Suppose 4*d = -4*y + 248, -4*y + 272 = -0*y - 4*d. Suppose 4*a + y = -4*h + 205, -174 = -5*h - 4*a. Suppose 0 = 3*w - w - h. What is the tens digit of w?
1
Let o(x) = -24*x**2 + 2*x - 4. Let w(i) = 24*i**2 - i + 3. Let h(n) = 2*o(n) + 3*w(n). What is the tens digit of h(-2)?
9
Suppose 5*y - 76 = -2*v, 3*y = -4*v + 2*v + 68. Let r be (v/8)/7*4. Suppose -13 + 5 = -2*t, -32 = -d + r*t. What is the tens digit of d?
4
What is the hundreds digit of (-1)/((-30)/(-30324))*15/(-6)?
5
Suppose 3*p + 2 = -2*r - 0, 0 = 3*r - 2*p - 23. Suppose 0 = r*t + 58 + 42. What is the tens digit of (19 - 4)/((-12)/t)?
2
Let d = -45 - -145. What is the tens digit of d?
0
Let i = 503 + 822. What is the hundreds digit of i?
3
Let t = 4593 + -2748. What is the units digit of t?
5
Let x be 1/10*6*25. Let o = -12 + x. Suppose 6*r - o*r + 8 = -2*n, 2 = -n - r. What is the units digit of n?
2
Let s be ((-42)/9)/(10/15) + 4. What is the units digit of -1*(s/(-1))/(-3)*79?
9
Suppose 5*y + 24 = 8*y. Suppose m = y*m - 672. What is the units digit of m?
6
What is the tens digit of 1556/3 - 4/6?
1
Suppose 0 = -2*t - 4*s + 1620, s = -5*t + 4*t + 811. What is the hundreds digit of t?
8
Let g = 63 - 0. Suppose -5*t = w - 468 + g, 60 = t - 4*w. What is the tens digit of t?
8
Suppose 2*u - 70 = -3*k - 11, 2*k + u - 39 = 0. What is the tens digit of k?
1
Let n = 21 + -73. Let r = n - -76. What is the units digit of (-6)/4*(-304)/r?
9
Let v = 2 - -37. What is the tens digit of ((-6)/(-5))/(v/2210)?
6
Let d = 22 + -34. Suppose 4*o + 43 = z, 3*o = -6 + 3. Let w = d + z. What is the units digit of w?
7
Let w = 37 + -20. Let b = 28 + -13. Let m = w - b. What is the units digit of m?
2
Let z(f) = -230*f**3 - 2*f**2 - 8*f - 5. What is the hundreds digit of z(-1)?
2
Let g = 47 - 27. Suppose v - 32 = 8. Let c = v - g. What is the tens digit of c?
2
Suppose 4*l - 236 - 712 = 0. Let o = l + -124. What is the hundreds digit of o?
1
Let k = 13 + -13. Suppose 5*x + 16 - 41 = k. What is the tens digit of ((-42)/x)/(3/(-10))?
2
Suppose 3664 = -21*c + 25*c. What is the tens digit of c?
1
Let c(a) = a**3 - 7. Let q be c(0). Let f = q - -11. Suppose 7*h - 2*h = -k + 105, 5*k + 55 = f*h. What is the units digit of h?
0
Let j = -15 + 18. Suppose -4*s + 331 = -k, -4*k + 419 = 2*s + j*s. What is the units digit of s?
3
Let m(b) = -13*b. Let d be m(-2). Suppose d - 556 = -5*k. Suppose p - k = -3*i - 4*p, 3*p = -i + 42. What is the units digit of i?
7
Suppose -163*b + 352866 = -94*b. What is the hundreds digit of b?
1
Let a = -8260 - -11737. What is the thousands digit of a?
3
Suppose i - 22 = 4*y, -18 = -5*i + 2*y - 5*y. Let g be (3/i)/(4/56). Let x(w) = w**3 - 6*w**2 - 3*w - 6. What is the tens digit of x(g)?
2
Let x = 3716 + 1123. What is the tens digit of x?
3
What is the thousands digit of 8772/4 + (30 - 23)?
2
Let c(d) = -8 - 7*d - 2*d - 6*d + 0*d. Let v be c(-7). Suppose 3*u - 77 = -5*q + v, -q + 34 = u. What is the tens digit of q?
3
Let m(g) = -2*g**2 - 8*g - 5. Let o be m(-3). Suppose -16 = -2*j - 2*a, 5*j - a - 8 - 2 = 0. What is the units digit of (-32)/((j/(-6))/o)?
4
Suppose -16 = -3*j - 5*j. What is the tens digit of (4/5)/(j/55)?
2
Let m = -4249 + 9316. What is the tens digit of m?
6
Let w(t) = -7*t**3 + 3*t**2 - 5*t - 2. What is the tens digit of w(-3)?
2
Let g = -25 - -30. What is the hundreds digit of (-5 + g)/2 - 9*-18?
1
Let p(j) be the first derivative of j**6/30 - j**5/30 + j**4/6 - j**3/2 + 4*j**2 + 3. Let b(x) be the second derivative of p(x). What is the tens digit of b(2)?
2
Suppose 0*x + 8 = -4*x - d, 3*x - d + 6 = 0. Suppose -p - 3*t = 7 - 47, -3*t - 175 = -4*p. Let w = x + p. What is the tens digit of w?
4
Suppose -4*b - 4*q = -2072, -5*q - 1729 = -5*b + 911. What is the units digit of b?
3
Suppose -2*q + 96 = -5*q. Let u = q + 38. What is the units digit of u?
6
Let n = 338 - -1625. What is the units digit of n?
3
Let t(u) = 4*u**2 + 3*u - 8. Let s be t(-4). What is the units digit of 5376/s + 10/(-55)?
2
Let x be (192/60)/(1/35). Suppose 4*w = p + 2*w - 39, 3*w - x = -4*p. What is the tens digit of p?
3
Suppose 0 = -3*b - 2*z + 6, 4*z + 2 = -2*b + 6. Let a(m) = -6*m + 5 - b - 2. What is the units digit of a(-4)?
5
What is the units digit of (-3)/7 - (1165/(-7) - 1)?
7
Let f(q) = q**3 + 13*q**2 + 22*q + 38. Let i be f(-15). Let y = -518 - i. What is the hundreds digit of y?
2
Suppose 12*o = 13*o - 470. What is the tens digit of o?
7
What is the hundreds digit of 4064 + 280/60*(-9)/(-6)?
0
What is the units digit of 573/(-9)*6/(-6)*3?
1
Suppose 0 = 5*l + 5*x + 50, 2*x + 0 = 2*l + 4. Let y(q) = 273 - 269 + 3*q + q**2 + 0*q**2. What is the units digit of y(l)?
2
Suppose -2205 = -563*c + 558*c. What is the units digit of c?
1
Suppose 1 = -5*s - 4*y + 17, -y = -s + 5. Suppose 0 = z - s*z. Suppose 5*d + 25 = 0, 0 = 2*k - z*d - d - 153. What is the units digit of k?
4
Suppose -5*l + 100 = -375. What is the tens digit of l?
9
Suppose 12*f + 33 = 15*f. Let a(o) = o**3 - 4*o**2 - o + 5. Let j be a(4). Let u = f - j. What is the tens digit of u?
1
Suppose 2201 + 6112 = 17*c. What is the hundreds digit of c?
4
Let t(m) = -5*m - 24. Let a be t(-3). What is the tens digit of (-1951)/a + (12/54)/1?
1
Suppose 0 = -2*q + 5 + 13. What is the tens digit of 0 + 14 - (13 - q)?
1
Suppose -2*w - 2*w + 24 = 0. Let q = w + -12. What is the tens digit of 2/q*-3*21?
2
Let i be (-3)/(12/28)*-1. Let t be 12/7*i/2. Suppose -m - 40 = -t*m. What is the units digit of m?
8
Let u(p) be the second derivative of p**4/12 + p**3/6 - p**2/2 - 2*p. What is the units digit of u(-3)?
5
What is the tens digit of 102/476 + 117174/28?
8
Let u(w) = w**3 - 6*w**2 + 4*w - 26. Let y be u(6). What is the tens digit of (2 + 171/(-6))*y?
5
What is the hundreds digit of 3/11 - (-9625960)/2530?
8
Let h = -14 + 18. Let w be 5/15 + h/6. What is the tens digit of (w/(-2))/((-1)/22)?
1
Let f(j) = 584*j + 44. What is the hundreds digit of f(2)?
2
Suppose -2 - 2806 = -3*t. What is the tens digit of t?
3
Let t be (6/(-33))/(-1) - 3882/(-66). Let n = t - -28. What is the tens digit of n?
8
Suppose -4*g + 1049 = 5*z, -5*g + 4*z + 1076 = -266. What is the units digit of g?
6
Let i(n) = n**2 + 4*n + 2. Let o be i(-4). Suppose -3*l = 4*u - 94 - 20, 5*l = o*u - 70. What is the units digit of 108/u*(-15)/(-9)?
6
Suppose -5*a - 3*v = -7780, 6192 = 4*a + 2*v - 32. What is the units digit of a?
6
Suppose -4*q + 751 = t - 0*t, 0 = -t - 5. Let u = -113 + q. What is the units digit of u?
6
Let n(r) = 2